(15). What is the highest common factor of 26 and l?
13
Let i = 183 + -126. Suppose -4*u + 5*t + i = 0, 5*u + 4*t = 1 + 19. Calculate the highest common divisor of 20 and u.
4
Let m = -55 - -82. What is the greatest common divisor of 18 and m?
9
Suppose -3*v - 6 = 4*y - 52, y + 20 = v. Calculate the greatest common divisor of v and 48.
6
Suppose -2*q = -2*s + 52, 2*s + 84 = -5*q - 39. Let o = 11 - q. What is the greatest common divisor of o and 4?
4
Let y = 24 - -1. Let r(x) be the first derivative of -x**4/4 + 3*x**3 + 5*x**2/2 - 20*x - 14. Let n be r(9). What is the highest common divisor of y and n?
25
Let y = 102 - -34. What is the highest common factor of 56 and y?
8
Suppose 3*s - 3 = 0, -4*s = -5*c - 5*s + 16. Let x = 23 - c. Let j = x + -13. Calculate the greatest common factor of 28 and j.
7
Let p = 25 - 21. Suppose 6 = 4*u - p*f - 2, -u = 4*f - 2. Let n be ((-1)/u)/(1/(-2)). What is the highest common divisor of n and 11?
1
Suppose -n - 2*f - 404 = -5*n, 9*n + 4*f = 892. What is the highest common divisor of 24 and n?
4
Let m(k) = -k**3 - 3*k**2 + 9*k + 1. Let a be m(-5). Let y be (3 + (-5)/2)*6. What is the greatest common divisor of a and y?
3
Suppose -3*z = 12, -j + 118 = j - 5*z. What is the highest common factor of j and 2009?
49
Suppose -5*g + 8 = 4*p - 42, p - 14 = -2*g. Let n be (-3)/(-3) + 0 + 9. Calculate the highest common divisor of p and n.
10
Suppose 6*o = 203 - 23. Suppose 6*d - 300 = 2*d. Calculate the greatest common divisor of d and o.
15
Let k(r) = -32*r - 55. Let x be k(-5). What is the greatest common factor of x and 10?
5
Let q = 6 - -10. Suppose 35 = 2*g - c, 3*c = g + 2*c - 19. What is the highest common factor of g and q?
16
Let m be 25861/88 + -6 + 2/16. Calculate the highest common factor of 36 and m.
36
Suppose 5*o = 4*i - 75, -5*o + o + 48 = 4*i. Let m(d) = 12*d**2 + d - 1. Let p be m(-2). What is the greatest common factor of p and i?
15
Let v = 61 - 47. What is the greatest common divisor of v and 1498?
14
Let a = 55 + -39. Let o(b) = 2*b - 6 - b**2 + 2*b**2 - 4*b + 3*b**2. Let z be o(3). What is the greatest common divisor of z and a?
8
Suppose 12*c - 136 - 344 = 0. Let q(f) = f - 8. Let x be q(8). Suppose -5*m = -x*m - c. What is the greatest common divisor of m and 88?
8
Suppose 3*u + 33 + 57 = 0. Let w = 4 + -1. Let g be (u/(-25))/(w/30). What is the highest common factor of g and 3?
3
Let t = 193 - 123. What is the highest common factor of t and 175?
35
Let a = -67 - -107. Suppose -5*p - b + 6*b = -a, -4*p + 46 = 3*b. Calculate the greatest common factor of 30 and p.
10
Suppose 0 = 2*w - 0 - 2. Suppose -l = -2*l + w. Let b be 9*l/3 + 21. Calculate the greatest common divisor of b and 168.
24
Suppose 0*y + 5*y - 35 = 0. Let a(t) = -7 + 1 + 6*t - 9. Let d be a(6). Calculate the greatest common factor of y and d.
7
Suppose 3*k + 627 = 6*k. Let s = -218 - -237. What is the greatest common factor of k and s?
19
Let g be (-12 + 10)/(2/(-84)). Calculate the highest common divisor of 28 and g.
28
Let o = 26 - 22. Suppose -o*m - 3*g + 51 = 0, -5*m + 2*g = -0*g - 81. Suppose m*q - 10*q = 90. What is the highest common factor of 54 and q?
18
Let o = 734 - -421. What is the greatest common factor of 66 and o?
33
Let i = 54 - 60. Let n be 3*(-94)/(-7) + i/21. Calculate the highest common factor of n and 10.
10
Let m = 1612 + -1545. Calculate the highest common divisor of 1273 and m.
67
Let v(w) = -1745*w - 9. Let c be v(-1). What is the greatest common divisor of c and 56?
56
Let a = 2565 + -1285. What is the highest common divisor of 40 and a?
40
Let v(k) = 24*k - 9. Let j be v(3). Calculate the greatest common divisor of 14 and j.
7
Suppose 0 = -48*a + 2413 + 3155. Calculate the greatest common divisor of 638 and a.
58
Suppose 5*t - 8*t + 2*j + 49 = 0, -3*j = -5*t + 81. Suppose -4 = -2*y + 4. Suppose y*l - 15 = l. Calculate the greatest common factor of t and l.
5
Let g = 394 - 147. What is the greatest common factor of g and 19?
19
Suppose 6 = 2*w, 5*v + 0*w - 3447 = w. What is the highest common divisor of v and 30?
30
Suppose 0 = p - 2*p - 39. Let o be 2*(-1 - p/6). Suppose 8*v = o*v - 108. What is the greatest common factor of 24 and v?
12
Let o be 124 - 1/((-4)/4). Let a = o + -38. Calculate the greatest common factor of a and 29.
29
Let x be (8/6)/(5/45*6). Suppose -x = 4*j - 22. What is the greatest common divisor of j and 55?
5
Suppose -16 = -2*y + 5*w + 203, 3*y - 318 = 4*w. Calculate the greatest common factor of 1326 and y.
102
Let h be 9 + 104 + -12 + 3. Calculate the greatest common factor of h and 299.
13
Suppose -4 = -3*z - z. Let b be -2 - -1 - z*-49. Let d be 1558/95 + (1 - (-7)/(-5)). What is the greatest common factor of b and d?
16
Suppose -x = 2*i - 9, 0 = -3*x + i - 5*i + 25. Let n = -17 - -25. Let r(w) = -w + 9. Let c be r(n). Calculate the greatest common divisor of c and x.
1
Suppose s = -2*h - 2, 1 + 1 = -s - h. Let u be (6 + s)/(2/(-4)). Let y be 44 - 0*(-2)/u. What is the greatest common divisor of y and 110?
22
Suppose 1 = l, -39 = -4*f - 3*l - 0. Let v(b) = -b**2 + 9*b + 2. Let t be v(f). Calculate the highest common divisor of 3 and t.
1
Suppose 22*f = 5*f + 357. What is the greatest common divisor of f and 147?
21
Suppose -7*d - 150 = -2*d. Let t = -33 - d. Let g be (t/3 - 0)*-42. What is the greatest common factor of 6 and g?
6
Let y be 4*((-9)/(-2) - 3). Let i be 5 + (-5 - -6)/(-1)*1. Calculate the greatest common factor of y and i.
2
Let g(d) = d**3 - 7*d**2 + 6*d - 2. Let o be g(6). Let k be -1*(3 + -1)*o. Suppose x = k, 4*u + 3*x = 2*u + 18. What is the highest common factor of u and 6?
3
Let p(c) = c**3 - 8*c**2 + 9*c - 12. Let s(y) = -8*y. Let o be s(-1). Let k be p(o). Let a be -3 + 7/7 + 26. What is the highest common divisor of a and k?
12
Let n be (1 - 2)/((-74)/(-25) - 3). Let c be 623/5 + 10/n. Calculate the highest common divisor of c and 50.
25
Suppose -n - 10*n + 22 = 0. Suppose -d - 3*d + 1 = -j, -3 = -j. Suppose 10 = 3*q + d. Calculate the highest common factor of q and n.
1
Let s be (-1)/5 - (753/(-15) - 2). What is the greatest common factor of s and 13?
13
Suppose 0*p + 230 = 2*p + y, -2*p - 2*y + 230 = 0. Let z = -21 + 90. Suppose 4*u = 5*r + 92, 3*r + z = 3*u - r. What is the greatest common factor of u and p?
23
Let y = -1529 - -2729. Calculate the highest common divisor of y and 48.
48
Let r be (-2)/(-5) + 1628/55. Calculate the greatest common factor of 10 and r.
10
Let s be 6*(-1138)/(-108) + (-4)/18. Suppose 1 + 13 = 2*o. Calculate the greatest common factor of o and s.
7
Let d(k) = 51*k + 2. Let r be d(2). Suppose w + 44 = 4*w + 5*j, 4 = 4*j. What is the highest common factor of r and w?
13
Let v be -1 - (-3)/(0 - -1). Let d = 16 - 11. Suppose 3*y + v*y = -4*m + 143, 2*y + d*m = 64. Calculate the highest common divisor of y and 3.
3
Suppose 5*d - 2*r + 20 = 52, d - 24 = -4*r. Let v = 52 + -28. What is the greatest common factor of v and d?
8
Let t be (-1)/(0 + (-2)/58). Suppose -764*i + 5*u = -759*i - 280, 2*i - 3*u - 110 = 0. What is the greatest common divisor of i and t?
29
Let a(y) = 36*y - 4. Let g be a(3). Let i(h) = -3*h**3 + 3*h**2 + 11*h + 12. Let z be i(-2). Calculate the greatest common factor of g and z.
26
Let q = -538 - -595. What is the highest common factor of q and 437?
19
Let v = -17 - 2. Let y = -1 - v. Calculate the highest common divisor of 36 and y.
18
Let c(z) = 4*z + 3. Let q be c(4). Suppose 58*v = 54*v + 2*m + 536, 2*v - 3*m = 272. What is the greatest common factor of v and q?
19
Let x be 27*2/6*11. Let p = 24 + -24. Suppose p = 10*k - 15*k + 55. Calculate the highest common divisor of k and x.
11
Suppose -4*h = -256 - 220. What is the highest common factor of h and 68?
17
Let w(c) = -c**3 + 4*c**2 + 6*c - 5. Let u be w(5). Suppose -3*l - 5*a + 23 = u, -a - 12 - 73 = -5*l. What is the highest common divisor of l and 16?
16
Suppose -33 = 3*d - 513. What is the highest common divisor of d and 96?
32
Let z(s) = s**3 - 3*s**2 + 5*s - 3. Suppose 8*a = 3*a + 3*x + 6, -2*a - 9 = -5*x. Let o be z(a). What is the highest common divisor of o and 24?
12
Let i be (208/(-39))/((-2)/6). What is the greatest common divisor of 1 and i?
1
Let x = 49 + 3. Suppose 0 = -4*a + 2*d + d + 93, 5*d = -a + x. Calculate the greatest common divis